3, 12277
List the prime factors of 10323119.
10323119
What are the prime factors of 70160576?
2, 971, 1129
List the prime factors of 90787819.
90787819
What are the prime factors of 38136639?
3, 173, 197, 373
What are the prime factors of 58247446?
2, 29123723
What are the prime factors of 52016264?
2, 31, 209743
List the prime factors of 7750965825.
3, 5, 1523, 22619
What are the prime factors of 298858747?
11, 151, 1487
What are the prime factors of 1156843477?
47, 24613691
What are the prime factors of 42168698?
2, 11, 13, 283, 521
What are the prime factors of 30660559?
193, 158863
What are the prime factors of 310915342?
2, 151, 1029521
What are the prime factors of 60661?
60661
List the prime factors of 5649613.
619, 9127
What are the prime factors of 1822970651?
2017, 903803
List the prime factors of 162208902.
2, 3, 293, 92269
What are the prime factors of 132654384?
2, 3, 569, 1619
List the prime factors of 55408206.
2, 3, 7, 47, 28069
List the prime factors of 210223618.
2, 11, 103, 113, 821
What are the prime factors of 629326923?
3, 389, 539269
What are the prime factors of 12234510?
2, 3, 5, 113, 401
List the prime factors of 2551989606.
2, 3, 425331601
What are the prime factors of 137149643?
137149643
What are the prime factors of 13524519?
3, 191, 23603
What are the prime factors of 32142687?
3, 431, 24859
What are the prime factors of 44863447?
44863447
List the prime factors of 44648077.
44648077
What are the prime factors of 64088045?
5, 7, 17, 19, 5669
What are the prime factors of 388636367?
7, 31, 1790951
What are the prime factors of 626583141?
3, 199, 277, 421
List the prime factors of 260400359.
131, 1987789
List the prime factors of 875834033.
17, 4397, 11717
List the prime factors of 266445075.
3, 5, 13, 19, 757
List the prime factors of 192508890.
2, 3, 5, 7, 509, 1801
What are the prime factors of 27888672?
2, 3, 7, 47, 883
What are the prime factors of 1245343601?
463, 2689727
List the prime factors of 1837767269.
13, 17, 8315689
List the prime factors of 108542481.
3, 4441, 8147
What are the prime factors of 2380137428?
2, 17, 23, 131, 11617
List the prime factors of 90595859.
67, 89, 15193
List the prime factors of 92994229.
4561, 20389
What are the prime factors of 5619868604?
2, 7, 31, 924929
What are the prime factors of 9269593?
751, 12343
What are the prime factors of 11327061?
3, 521, 7247
List the prime factors of 133095544.
2, 16636943
List the prime factors of 120856754.
2, 3769, 16033
What are the prime factors of 103862593?
103862593
List the prime factors of 165611750.
2, 5, 29, 53, 431
What are the prime factors of 1755821530?
2, 5, 29, 6054557
List the prime factors of 508568417.
7, 72652631
List the prime factors of 103996737.
3, 13, 296287
List the prime factors of 86976630.
2, 3, 5, 13, 79, 941
List the prime factors of 676228894.
2, 11, 30737677
List the prime factors of 143940916.
2, 7, 5140747
What are the prime factors of 77411028?
2, 3, 137, 47087
List the prime factors of 368498873.
37, 251, 39679
List the prime factors of 1400314367.
149, 331, 28393
What are the prime factors of 74792962?
2, 17, 71, 30983
What are the prime factors of 32930713?
32930713
List the prime factors of 348164264.
2, 7, 1279, 4861
What are the prime factors of 14986375?
5, 119891
What are the prime factors of 2227852546?
2, 47, 101, 234659
List the prime factors of 952777715.
5, 31, 191, 32183
List the prime factors of 2092428986.
2, 17, 283, 217463
What are the prime factors of 138607003?
193, 718171
List the prime factors of 914543285.
5, 163, 1122139
What are the prime factors of 1745630186?
2, 41, 21288173
What are the prime factors of 237687154?
2, 8537, 13921
List the prime factors of 872376087.
3, 11, 101, 261739
List the prime factors of 197222958.
2, 3, 59, 103, 601
What are the prime factors of 4106009327?
7, 43, 137, 99571
What are the prime factors of 858961901?
7, 5843, 21001
List the prime factors of 9867303.
3, 919, 1193
List the prime factors of 3492994059.
3, 29, 137, 97687
List the prime factors of 4421645518.
2, 2210822759
List the prime factors of 44052606.
2, 3, 13, 62753
What are the prime factors of 2123315276?
2, 107, 4961017
What are the prime factors of 154963224?
2, 3, 13, 165559
List the prime factors of 896234124.
2, 3, 2713, 27529
List the prime factors of 226303751.
31, 463, 15767
What are the prime factors of 416508240?
2, 3, 5, 521, 3331
List the prime factors of 15178604.
2, 7, 542093
What are the prime factors of 16670698?
2, 11, 751, 1009
What are the prime factors of 2958426790?
2, 5, 11, 2939, 9151
What are the prime factors of 1005539781?
3, 223, 1503049
What are the prime factors of 28041360?
2, 3, 5, 31, 3769
List the prime factors of 275537879.
275537879
What are the prime factors of 12967265?
5, 2593453
List the prime factors of 107921775.
3, 5, 13, 71, 1559
What are the prime factors of 170561294?
2, 709, 120283
List the prime factors of 1020065968.
2, 97, 281, 2339
What are the prime factors of 157250026?
2, 78625013
List the prime factors of 347604738.
2, 3, 13, 97, 45943
List the prime factors of 275019404.
2, 11, 17, 367673
What are the prime factors of 7174907401?
7174907401
What are the prime factors of 455703594?
2, 3, 43, 677, 2609
List the prime factors of 803436423.
3, 267812141
What are the prime factors of 1754615494?
2, 877307747
What are the prime factors of 724657954?
2, 362328977
List the prime factors of 58985322.
2, 3, 11, 113, 719
List the prime factors of 528634539.
3, 1423, 13759
List the prime factors of 1107617881.
17, 199, 327407
List the prime factors of 88486507.
349, 253543
List the prime factors of 42182513.
42182513
List the prime factors of 1189778606.
2, 83, 547, 13103
List the prime factors of 1167531449.
7, 166790207
What are the prime factors of 3104483111?
9277, 334643
What are the prime factors of 2752043854?
2, 7, 196574561
List the prime factors of 1016187123.
3, 7, 48389863
What are the prime factors of 864104158?
2, 23, 18784873
List the prime factors of 1554352699.
59, 26344961
List the prime factors of 1924544016.
2, 3, 4454963
What are the prime factors of 100877401?
100877401
What are the prime factors of 248987036?
2, 62246759
What are the prime factors of 113068792?
2, 14133599
List the prime factors of 228863465.
5, 45772693
What are the prime factors of 456296056?
2, 131, 435397
List the prime factors of 1513308499.
17, 331, 268937
What are the prime factors of 52661168?
2, 7, 23, 20443
What are the prime factors of 4940548?
2, 1235137
List the prime factors of 4956069804.
2, 3, 7, 137, 430663
What are the prime factors of 28144848?
2, 3, 29, 20219
List the prime factors of 6936674814.
2, 3, 128456941
List the prime factors of 23320267.
41, 568787
What are the prime factors of 1156346210?
2, 5, 115634621
List the prime factors of 210107782.
2, 199, 527909
List the prime factors of 1089032.
2, 7, 19447
List the prime factors of 42690972.
2, 3, 61, 58321
What are the prime factors of 516476085?
3, 5, 773, 44543
What are the prime factors of 98577759?
3, 7, 670597
What are the prime factors of 16453102?
2, 47, 101, 1733
What are the prime factors of 117789800?
2, 5, 588949
List the prime factors of 3517558855.
5, 53, 13273807
What are the prime factors of 266047689?
3, 107, 828809
List the prime factors of 32702381.
32702381
What are the prime factors of 12187178?
2, 193, 31573
List the prime factors of 2891388.
2, 3, 83, 2903
What are the prime factors of 382870913?
139, 2754467
List the prime factors of 341530524.
2, 3, 863, 10993
List the prime factors of 723974755.
5, 7, 421, 7019
List the prime factors of 51956069.
11, 429389
What are the prime factors of 173791457?
7, 71, 89, 3929
List the prime factors of 682759049.
7, 17, 5737471
List the prime factors of 623667133.
23011, 27103
List the prime factors of 1149824188.
2, 23, 53, 235813
List the prime factors of 23843037.
3, 7947679
What are the prime factors of 404435251?
11, 271, 135671
List the prime factors of 262889351.
262889351
What are the prime factors of 277696205?
5, 1523, 36467
List the prime factors of 2296187.
2296187
List the prime factors of 344039316.
2, 3, 83, 109, 3169
What are the prime factors of 4566671141?
509, 8971849
What are the prime facto